{"id":1020,"date":"2024-12-16T10:59:46","date_gmt":"2024-12-16T13:59:46","guid":{"rendered":"https:\/\/proexatas.com\/?page_id=1020"},"modified":"2025-04-05T11:16:11","modified_gmt":"2025-04-05T14:16:11","slug":"algebra-de-funcoes","status":"publish","type":"page","link":"https:\/\/proexatas.com\/index.php\/algebra-de-funcoes\/","title":{"rendered":"\u00c1lgebra de Fun\u00e7\u00f5es"},"content":{"rendered":"\n<h4 id=\"wp-block-themeisle-blocks-advanced-heading-ba55d14c\" class=\"wp-block-themeisle-blocks-advanced-heading wp-block-themeisle-blocks-advanced-heading-ba55d14c\"><strong><em>Fun\u00e7\u00f5es Logar\u00edtmicas<\/em><\/strong><\/h4>\n\n\n<hr \/>\n<p style=\"text-align: justify;\"><strong>Q-01)<\/strong> <em><strong>(ENEM\/2024)\u00a0<\/strong><\/em>Em uma regi\u00e3o com grande incid\u00eancia de terremotos, observou-se que dois terremotos ocorridos apresentaram magnitudes <em>M1<\/em> e <em>M2<\/em>, medidos segundo a escala Richter, e liberaram energias iguais a <em>E1<\/em> e <em>E2<\/em>, respectivamente. Entre os estudiosos do assunto, \u00e9 conhecida uma express\u00e3o alg\u00e9brica relacionando esses valores dada por<\/p>\n\n<div class=\"wp-block-image\">\n<figure class=\"aligncenter size-full is-resized\"><img loading=\"lazy\" decoding=\"async\" width=\"276\" height=\"96\" src=\"https:\/\/proexatas.com\/wp-content\/uploads\/2025\/04\/image-8.png\" alt=\"\" class=\"wp-image-1287\" style=\"width:168px;height:auto\"\/><\/figure>\n<\/div>\n\n<p style=\"text-align: justify;\">Estudos mais abrangentes observaram que o primeiro terremoto apresentou a magnitude <em>M1<\/em> = 6,9 e a energia liberada foi um d\u00e9cimo da observada no segundo terremoto.<br \/>O valor aproximado da magnitude <em>M2<\/em> do segundo terremoto, expresso com uma casa decimal, \u00e9 igual a<\/p>\n<p>a) 5,4.<\/p>\n<p>b) 6,2.<\/p>\n<p>c) 7,6.<\/p>\n<p>d) 8,2.<\/p>\n<p>e) 8,4.<\/p>\n\n\n<div id=\"wp-block-themeisle-blocks-accordion-4c0bf5d4\" class=\"wp-block-themeisle-blocks-accordion exclusive\">\n<details class=\"wp-block-themeisle-blocks-accordion-item\"><summary class=\"wp-block-themeisle-blocks-accordion-item__title\"><div>Visualizar alternativa correta \/ coment\u00e1rio da quest\u00e3o<\/div><\/summary><div class=\"wp-block-themeisle-blocks-accordion-item__content\">\n<p><strong>Alternativa correta (C)<\/strong><\/p>\n<\/div><\/details>\n<\/div>\n","protected":false},"excerpt":{"rendered":"<p>Q-01) (ENEM\/2024)\u00a0Em uma regi\u00e3o com grande incid\u00eancia de terremotos, observou-se que dois terremotos ocorridos apresentaram magnitudes M1 e M2, medidos segundo a escala Richter, e liberaram energias iguais a E1 e E2, respectivamente. Entre os estudiosos do assunto, \u00e9 conhecida uma express\u00e3o alg\u00e9brica relacionando esses valores dada por Estudos mais [&hellip;]<\/p>\n","protected":false},"author":3,"featured_media":0,"parent":0,"menu_order":0,"comment_status":"closed","ping_status":"closed","template":"","meta":{"_themeisle_gutenberg_block_has_review":false,"footnotes":""},"class_list":["post-1020","page","type-page","status-publish","hentry"],"jetpack_sharing_enabled":true,"_links":{"self":[{"href":"https:\/\/proexatas.com\/index.php\/wp-json\/wp\/v2\/pages\/1020","targetHints":{"allow":["GET"]}}],"collection":[{"href":"https:\/\/proexatas.com\/index.php\/wp-json\/wp\/v2\/pages"}],"about":[{"href":"https:\/\/proexatas.com\/index.php\/wp-json\/wp\/v2\/types\/page"}],"author":[{"embeddable":true,"href":"https:\/\/proexatas.com\/index.php\/wp-json\/wp\/v2\/users\/3"}],"replies":[{"embeddable":true,"href":"https:\/\/proexatas.com\/index.php\/wp-json\/wp\/v2\/comments?post=1020"}],"version-history":[{"count":5,"href":"https:\/\/proexatas.com\/index.php\/wp-json\/wp\/v2\/pages\/1020\/revisions"}],"predecessor-version":[{"id":1292,"href":"https:\/\/proexatas.com\/index.php\/wp-json\/wp\/v2\/pages\/1020\/revisions\/1292"}],"wp:attachment":[{"href":"https:\/\/proexatas.com\/index.php\/wp-json\/wp\/v2\/media?parent=1020"}],"curies":[{"name":"wp","href":"https:\/\/api.w.org\/{rel}","templated":true}]}}